{"id":69,"date":"2014-10-23T09:15:25","date_gmt":"2014-10-23T06:15:25","guid":{"rendered":"https:\/\/xml-io.proteusthemes.com\/buildpress\/?page_id=69"},"modified":"2014-10-23T09:15:25","modified_gmt":"2014-10-23T06:15:25","slug":"personel-servis-tasimaciligi","status":"publish","type":"page","link":"https:\/\/yildiztur.com\/index.php\/hizmetlerimiz\/personel-servis-tasimaciligi\/","title":{"rendered":"Personel Servis Ta\u015f\u0131mac\u0131l\u0131\u011f\u0131"},"content":{"rendered":"<div id=\"pl-69\"  class=\"panel-layout\" ><div id=\"pg-69-0\"  class=\"panel-grid panel-no-style\" ><div id=\"pgc-69-0-0\"  class=\"panel-grid-cell\" ><div id=\"panel-69-0-0-0\" class=\"so-panel widget widget_black-studio-tinymce widget_black_studio_tinymce panel-first-child panel-last-child\" data-index=\"0\" ><div class=\"textwidget\"><p><a href=\"https:\/\/i0.wp.com\/xml-io.proteusthemes.com\/buildpress\/wp-content\/uploads\/sites\/16\/2014\/10\/content_23.jpg?ssl=1\"><img loading=\"lazy\" decoding=\"async\" class=\"alignnone wp-image-116\" src=\"https:\/\/i0.wp.com\/www.yildiztur.com\/wp-content\/uploads\/2019\/05\/personel-servisi.jpg?resize=410%2C230\" alt=\"Content Image\" width=\"410\" height=\"230\" data-recalc-dims=\"1\" \/><\/a><\/p>\n<\/div><\/div><\/div><div id=\"pgc-69-0-1\"  class=\"panel-grid-cell\" ><div id=\"panel-69-0-1-0\" class=\"so-panel widget widget_black-studio-tinymce widget_black_studio_tinymce panel-first-child panel-last-child\" data-index=\"1\" ><div class=\"textwidget\"><p>Kurumsal sekt\u00f6rde \u00e7al\u0131\u015fan personelin \u00fclkemiz geli\u015fimi i\u00e7in ne denli \u00f6nemli oldu\u011funun bilincinde olan Y\u0131ld\u0131z Tur, personel ta\u015f\u0131mac\u0131l\u0131\u011f\u0131 hizmeti sundu\u011fu t\u00fcm firmalarda bulunan personele kendi personeli mant\u0131\u011f\u0131 ile yakla\u015fmakta, g\u00fcven, \u00f6zen ve konforlar\u0131n\u0131 temel almaktad\u0131r. Y\u0131ld\u0131z Tur, tamam\u0131 yeni ara\u00e7lar ve deneyimli \u015fof\u00f6rlerle ta\u015f\u0131mac\u0131l\u0131k hizmeti sunmaktad\u0131r. <\/p>\n<p>Y\u0131ld\u0131z Tur, ta\u015f\u0131mac\u0131l\u0131\u011f\u0131n\u0131 yapt\u0131\u011f\u0131 \u00e7al\u0131\u015fanlar\u0131n konforlu ve g\u00fcven i\u00e7inde ta\u015f\u0131mas\u0131n\u0131 yaparken, belirtilen saat ve yere, taahh\u00fct etti\u011fi ko\u015fullarda ula\u015fmas\u0131n\u0131 da garanti alt\u0131na almaktad\u0131r.<\/p>\n<\/div><\/div><\/div><\/div><\/div>","protected":false},"excerpt":{"rendered":"<p>Y\u0131ld\u0131z Tur, ta\u015f\u0131mac\u0131l\u0131\u011f\u0131n\u0131 yapt\u0131\u011f\u0131 \u00e7al\u0131\u015fanlar\u0131n konforlu ve g\u00fcven i\u00e7inde ta\u015f\u0131mas\u0131n\u0131 yaparken, belirtilen saat ve yere, taahh\u00fct etti\u011fi ko\u015fullarda ula\u015fmas\u0131n\u0131 da garanti alt\u0131na almaktad\u0131r.<\/p>\n","protected":false},"author":1,"featured_media":2787,"parent":49,"menu_order":0,"comment_status":"closed","ping_status":"closed","template":"","meta":{"footnotes":""},"class_list":["post-69","page","type-page","status-publish","has-post-thumbnail","hentry"],"acf":[],"jetpack-related-posts":[],"_links":{"self":[{"href":"https:\/\/yildiztur.com\/index.php\/wp-json\/wp\/v2\/pages\/69","targetHints":{"allow":["GET"]}}],"collection":[{"href":"https:\/\/yildiztur.com\/index.php\/wp-json\/wp\/v2\/pages"}],"about":[{"href":"https:\/\/yildiztur.com\/index.php\/wp-json\/wp\/v2\/types\/page"}],"author":[{"embeddable":true,"href":"https:\/\/yildiztur.com\/index.php\/wp-json\/wp\/v2\/users\/1"}],"replies":[{"embeddable":true,"href":"https:\/\/yildiztur.com\/index.php\/wp-json\/wp\/v2\/comments?post=69"}],"version-history":[{"count":0,"href":"https:\/\/yildiztur.com\/index.php\/wp-json\/wp\/v2\/pages\/69\/revisions"}],"up":[{"embeddable":true,"href":"https:\/\/yildiztur.com\/index.php\/wp-json\/wp\/v2\/pages\/49"}],"wp:featuredmedia":[{"embeddable":true,"href":"https:\/\/yildiztur.com\/index.php\/wp-json\/wp\/v2\/media\/2787"}],"wp:attachment":[{"href":"https:\/\/yildiztur.com\/index.php\/wp-json\/wp\/v2\/media?parent=69"}],"curies":[{"name":"wp","href":"https:\/\/api.w.org\/{rel}","templated":true}]}}